{"id":632,"date":"2020-04-24T15:47:39","date_gmt":"2020-04-24T18:47:39","guid":{"rendered":"https:\/\/tree-oss.com\/tienda\/?post_type=product&#038;p=632"},"modified":"2026-02-03T16:56:46","modified_gmt":"2026-02-03T19:56:46","slug":"pilar-multifuncion-ih","status":"publish","type":"product","link":"https:\/\/tree-oss.com\/tienda\/product\/pilar-multifuncion-ih\/","title":{"rendered":"Pilar multifunci\u00f3n (IH)"},"content":{"rendered":"","protected":false},"excerpt":{"rendered":"<p>Ajuste manual, mec\u00e1nico y llave. Faceta antirotacional y dise\u00f1o c\u00f3nico. Puntos que indican 3mm hasta la base del implante (espacio biol\u00f3gico) Indicador de l\u00f3bulos (conexi\u00f3n interna tri-channel). Incluye\u00a0tornillo de laboratorio.<\/p>\n","protected":false},"featured_media":788,"template":"","meta":[],"product_cat":[498,501],"product_tag":[],"class_list":{"0":"post-632","1":"product","2":"type-product","3":"status-publish","4":"has-post-thumbnail","6":"product_cat-pilar-multifuncion","7":"product_cat-ih-pilar-multifuncion","9":"first","10":"instock","11":"shipping-taxable","12":"purchasable","13":"product-type-simple"},"_links":{"self":[{"href":"https:\/\/tree-oss.com\/tienda\/wp-json\/wp\/v2\/product\/632","targetHints":{"allow":["GET"]}}],"collection":[{"href":"https:\/\/tree-oss.com\/tienda\/wp-json\/wp\/v2\/product"}],"about":[{"href":"https:\/\/tree-oss.com\/tienda\/wp-json\/wp\/v2\/types\/product"}],"wp:featuredmedia":[{"embeddable":true,"href":"https:\/\/tree-oss.com\/tienda\/wp-json\/wp\/v2\/media\/788"}],"wp:attachment":[{"href":"https:\/\/tree-oss.com\/tienda\/wp-json\/wp\/v2\/media?parent=632"}],"wp:term":[{"taxonomy":"product_cat","embeddable":true,"href":"https:\/\/tree-oss.com\/tienda\/wp-json\/wp\/v2\/product_cat?post=632"},{"taxonomy":"product_tag","embeddable":true,"href":"https:\/\/tree-oss.com\/tienda\/wp-json\/wp\/v2\/product_tag?post=632"}],"curies":[{"name":"wp","href":"https:\/\/api.w.org\/{rel}","templated":true}]}}