{"id":2165,"date":"2024-12-09T12:52:32","date_gmt":"2024-12-09T15:52:32","guid":{"rendered":"https:\/\/tree-oss.com\/tienda\/?post_type=product&#038;p=2165"},"modified":"2026-02-03T16:27:20","modified_gmt":"2026-02-03T19:27:20","slug":"ceramic-2-piezas-43-x-13-mm-copy","status":"publish","type":"product","link":"https:\/\/tree-oss.com\/tienda\/product\/ceramic-2-piezas-43-x-13-mm-copy\/","title":{"rendered":"CERAMIC 2 piezas 4,3 x 13 mm"},"content":{"rendered":"<p>Los implantes\u00a0<strong>Tree\u00b7Oss<sup>\u00ae<\/sup>\u00a0Ceramic<\/strong>\u00a0han sido desarrollados con las \u00faltimas tecnolog\u00edas en materiales cer\u00e1micos.\u00a0<strong>Fabricados en Zirconia pura (ZrO2) estabilizada con Yttria,<\/strong>\u00a0los implantes\u00a0<strong>Tree\u00b7Oss<sup>\u00ae<\/sup>\u00a0Ceramic<\/strong>\u00a0ofrecen una sobresaliente resistencia mec\u00e1nica combinada con una excelente bio-compatibilidad.<\/p>\n<p>Mediante su innovador proceso de fabricaci\u00f3n basado en tecnolog\u00eda\u00a0<strong>CIM (Ceramic Injection Moulding) \u2013 moldeo por inyecci\u00f3n cer\u00e1mica \u2013 a ultra alta presi\u00f3n,<\/strong>\u00a0se obtiene una superficie estructurada variable adaptada a cada parte del implante. Esta tecnolog\u00eda permite dise\u00f1ar la mejor topograf\u00eda superficial de acuerdo al tejido circundante, favoreciendo as\u00ed tanto la oseintegraci\u00f3n como la estabilidad de los tejidos blandos. Debido a\u00a0<strong>su rugosidad macro, micro y nano dise\u00f1ada, cada sector del implante provee el mejor escenario para la mejor respuesta mec\u00e1nica y biol\u00f3gica,<\/strong>\u00a0desde el cementado hasta el contacto \u00edntimo con el hueso y los tejidos blandos.<\/p>\n<p>&nbsp;<\/p>\n<div class=\"fusion-layout-column fusion_builder_column fusion_builder_column_1_1 fusion-one-full fusion-column-first fusion-column-last 1_1\">\n<div class=\"fusion-column-wrapper\" data-bg-url=\"\">\n<div class=\"fusion-text\">\n<h3><strong>LA ALTERNATIVA A LOS IMPLANTES DE TITANIO<\/strong><\/h3>\n<\/div>\n<div class=\"fusion-clearfix\"><\/div>\n<\/div>\n<\/div>\n<div class=\"fusion-layout-column fusion_builder_column fusion_builder_column_2_3 fusion-two-third fusion-column-first fusion-no-small-visibility 2_3\">\n<div class=\"fusion-column-wrapper\" data-bg-url=\"\">\n<div class=\"fusion-text\">\n<h4><strong>Tratamiento libre de metal<\/strong><\/h4>\n<p>Sin riesgos de corrosi\u00f3n, alergias o sensibilidades a los metales. Ideal para pacientes que buscan tratamientos modernos sin presencia de materiales met\u00e1licos en su cuerpo.<\/p>\n<h4><strong>Tecnolog\u00eda CIM<\/strong><\/h4>\n<p>Fabricados por inyecci\u00f3n cer\u00e1mica a ultra alta presi\u00f3n, lo que permite obtener una superficie estructurada variable adaptada a cada parte del implante. Rugosidad ideal ajustada para el cementado, tejidos blandos y hueso.<\/p>\n<h4><strong>Est\u00e9tica<\/strong><\/h4>\n<p>Su tonalidad clara y translucidez aseguran un resultado est\u00e9tico inigualable, asegurando la ausencia de zonas oscuras.<\/p>\n<h4><strong>Biocompatibilidad<\/strong><\/h4>\n<p>Mayor salud oral e integral en el largo plazo por su baja afinidad con la placa bacteriana y su superior adaptaci\u00f3n al tejido conectivo.<\/p>\n<h4><strong>Una sola pieza<\/strong><\/h4>\n<p>Sin gap ni micromovimientos posibles lo que elimina la posibilidad de retracciones por filtraciones y robustece la respuesta biomec\u00e1nica.<\/p>\n<\/div>\n<\/div>\n<\/div>\n","protected":false},"excerpt":{"rendered":"<p>Los implantes\u00a0<strong>Tree\u00b7Oss<sup>\u00ae<\/sup>\u00a0Ceramic<\/strong>\u00a0han sido desarrollados con las \u00faltimas tecnolog\u00edas en materiales cer\u00e1micos.\u00a0<strong>Fabricados en Zirconia pura (ZrO2) estabilizada con Yttria,<\/strong>\u00a0los implantes\u00a0<strong>Tree\u00b7Oss<sup>\u00ae<\/sup>\u00a0Ceramic<\/strong>\u00a0ofrecen una sobresaliente resistencia mec\u00e1nica combinada con una excelente bio-compatibilidad.<\/p>\n","protected":false},"featured_media":2163,"template":"","meta":[],"product_cat":[396],"product_tag":[],"class_list":{"0":"post-2165","1":"product","2":"type-product","3":"status-publish","4":"has-post-thumbnail","6":"product_cat-ceramic","8":"first","9":"instock","10":"shipping-taxable","11":"purchasable","12":"product-type-simple"},"_links":{"self":[{"href":"https:\/\/tree-oss.com\/tienda\/wp-json\/wp\/v2\/product\/2165","targetHints":{"allow":["GET"]}}],"collection":[{"href":"https:\/\/tree-oss.com\/tienda\/wp-json\/wp\/v2\/product"}],"about":[{"href":"https:\/\/tree-oss.com\/tienda\/wp-json\/wp\/v2\/types\/product"}],"wp:featuredmedia":[{"embeddable":true,"href":"https:\/\/tree-oss.com\/tienda\/wp-json\/wp\/v2\/media\/2163"}],"wp:attachment":[{"href":"https:\/\/tree-oss.com\/tienda\/wp-json\/wp\/v2\/media?parent=2165"}],"wp:term":[{"taxonomy":"product_cat","embeddable":true,"href":"https:\/\/tree-oss.com\/tienda\/wp-json\/wp\/v2\/product_cat?post=2165"},{"taxonomy":"product_tag","embeddable":true,"href":"https:\/\/tree-oss.com\/tienda\/wp-json\/wp\/v2\/product_tag?post=2165"}],"curies":[{"name":"wp","href":"https:\/\/api.w.org\/{rel}","templated":true}]}}