{"id":1274,"date":"2020-07-22T11:36:50","date_gmt":"2020-07-22T14:36:50","guid":{"rendered":"https:\/\/tree-oss.com\/tienda\/?page_id=1274"},"modified":"2020-07-23T18:46:48","modified_gmt":"2020-07-23T21:46:48","slug":"como-comprar","status":"publish","type":"page","link":"https:\/\/tree-oss.com\/tienda\/como-comprar\/","title":{"rendered":"C\u00f3mo comprar"},"content":{"rendered":"<div class=\"row\"  id=\"row-1386703231\">\n<div class=\"col medium-4 small-12 large-4\"  ><div class=\"col-inner\"  >\n\n\t\t<div class=\"icon-box featured-box icon-box-center text-center\"  >\n\t\t\t\t\t<div class=\"icon-box-img\" style=\"width: 90px\">\n\t\t\t\t<div class=\"icon\">\n\t\t\t\t\t<div class=\"icon-inner\" >\n\t\t\t\t\t\t<img loading=\"lazy\" decoding=\"async\" width=\"800\" height=\"400\" src=\"https:\/\/tree-oss.com\/tienda\/wp-content\/uploads\/2020\/07\/29107681.svg\" class=\"attachment-medium size-medium\" alt=\"\" \/>\t\t\t\t\t<\/div>\n\t\t\t\t<\/div>\n\t\t\t<\/div>\n\t\t\t\t<div class=\"icon-box-text last-reset\">\n\t\t\t\t\t\t\t\t\t\n<h3 style=\"text-align: center;\">Cre\u00e1 tu cuenta<\/h3>\n<p style=\"text-align: center;\">Una vez que recibas el mail de aprobaci\u00f3n accede a la misma con tu usuario y contrase\u00f1a. <br \/>Si no accedes con una cuenta igualmente pod\u00e9s navegar el sitio y pedir cotizaci\u00f3n de los productos.<\/p>\n\t\t<\/div>\n\t<\/div><!-- .icon-box -->\n\t\n\t\n<\/div><\/div>\n<div class=\"col medium-4 small-12 large-4\"  ><div class=\"col-inner\"  >\n\n\t\t<div class=\"icon-box featured-box icon-box-center text-center\"  >\n\t\t\t\t\t<div class=\"icon-box-img\" style=\"width: 92px\">\n\t\t\t\t<div class=\"icon\">\n\t\t\t\t\t<div class=\"icon-inner\" >\n\t\t\t\t\t\t<img loading=\"lazy\" decoding=\"async\" width=\"800\" height=\"400\" src=\"https:\/\/tree-oss.com\/tienda\/wp-content\/uploads\/2020\/07\/28979571.svg\" class=\"attachment-medium size-medium\" alt=\"\" \/>\t\t\t\t\t<\/div>\n\t\t\t\t<\/div>\n\t\t\t<\/div>\n\t\t\t\t<div class=\"icon-box-text last-reset\">\n\t\t\t\t\t\t\t\t\t\n<h3 style=\"text-align: center;\">Agreg\u00e1 tus productos al carrito<\/h3>\n<p style=\"text-align: center;\">Eleg\u00ed los productos que quieras comprar y agregalos al carrito para armar tu pedido. <br \/>Record\u00e1 que pod\u00e9s elegir los productos seleccionando familia y medidas.<\/p>\n\t\t<\/div>\n\t<\/div><!-- .icon-box -->\n\t\n\t\n<\/div><\/div>\n<div class=\"col medium-4 small-12 large-4\"  ><div class=\"col-inner\"  >\n\n\t\t<div class=\"icon-box featured-box icon-box-center text-center\"  >\n\t\t\t\t\t<div class=\"icon-box-img\" style=\"width: 90px\">\n\t\t\t\t<div class=\"icon\">\n\t\t\t\t\t<div class=\"icon-inner\" >\n\t\t\t\t\t\t<img loading=\"lazy\" decoding=\"async\" width=\"800\" height=\"400\" src=\"https:\/\/tree-oss.com\/tienda\/wp-content\/uploads\/2020\/07\/29423081.svg\" class=\"attachment-medium size-medium\" alt=\"\" \/>\t\t\t\t\t<\/div>\n\t\t\t\t<\/div>\n\t\t\t<\/div>\n\t\t\t\t<div class=\"icon-box-text last-reset\">\n\t\t\t\t\t\t\t\t\t\n<h3 style=\"text-align: center;\">Seleccion\u00e1 el medio de pago y la forma de entrega<\/h3>\n<p style=\"text-align: center;\">\u00a1Tu pedido se est\u00e1 procesando! <br \/>Nuestro departamento de atenci\u00f3n al cliente te enviar\u00e1 un mensaje para confirmar los detalles de tu pedido.<\/p>\n\t\t<\/div>\n\t<\/div><!-- .icon-box -->\n\t\n\t\n<\/div><\/div>\n\n<style scope=\"scope\">\n\n#row-1386703231 > .col > .col-inner {\n  padding: 0px 0px 44px 0px;\n}\n<\/style>\n<\/div>\n<h2>Paso a paso sobre c\u00f3mo comprar en la tienda online<\/h2>\n<ol>\n<li>En el men\u00fa, clicke\u00e1 en <strong>Tienda.<\/strong><\/li>\n<li>Dentro de cada producto ten\u00e9s dos opciones:\n<ul>\n<li><strong>Agregar al carrito<\/strong> (para comprar online)<\/li>\n<li><strong>A\u00f1adir a la cotizaci\u00f3n<\/strong> (para solicitar presupuesto)<\/li>\n<\/ul>\n<\/li>\n<\/ol>\n<h3>A\u00f1adir a la cotizaci\u00f3n<\/h3>\n<p>Para que te coticemos el pedido no hace falta registraci\u00f3n, los productos no tendr\u00e1n precio en esta opci\u00f3n. Solo te pediremos en el \u00faltimo paso que ingreses tu Nombre, correo electr\u00f3nico y tel\u00e9fono para poder comunicarnos.<\/p>\n<h3>Agregar al carrito<\/h3>\n<p>Para comprar tendr\u00e1s que hacer lo siguiente:<\/p>\n<ol>\n<li>Eleg\u00ed el producto que deseas comprar. Lo pod\u00e9s hacer buscando por \u201cCATEGOR\u00cdAS\u201d que se divide en Implantes, Pr\u00f3tesis e Instrumental. Al seleccionar el producto deseado podr\u00e1s seleccionar los siguientes par\u00e1metros seg\u00fan corresponda: Conexi\u00f3n, plataforma, medida entre otros.<\/li>\n<li>Hac\u00e9 click en el bot\u00f3n \u201cA\u00d1ADIR AL CARRITO\u201d. Esto agregar\u00e1 el producto a tu carrito y te llevar\u00e1 al mismo.<\/li>\n<li>Pod\u00e9s \u201cSEGUIR COMPRANDO\u201d a\u00f1adiendo m\u00e1s productos al carrito o sino hac\u00e9 click en \u201dFINALIZAR COMPRA\u201d.<\/li>\n<li>Luego de finalizar la compra complet\u00e1 los \u201cDATOS DE FACTURACI\u00d3N\u201d y \u201cDATOS DE ENV\u00cdO\u201d si opt\u00e1s por recibir tu pedido en una direcci\u00f3n diferente a la ingresada en los datos de facturaci\u00f3n.<\/li>\n<li>Control\u00e1 que \u201cTU PEDIDO\u201d sea correcto.<\/li>\n<li>Eleg\u00ed la \u201cFORMA DE PAGO\u201d.<\/li>\n<li>Antes de realizar el pedido ten\u00e9s que aceptar nuestros \u201cT\u00c9RMINOS Y CONDICIONES\u201d, te recomendamos leerlos previamente.<\/li>\n<li>Al \u201cREALIZAR EL PEDIDO\u201d ser\u00e1s redirigido a otra pantalla para que completes los datos sobre la forma de pago elegida. Despu\u00e9s de confirmar la compra recibir\u00e1s un correo de nuestra parte, ese no es tu comprobante de pago.<\/li>\n<li>Una vez acreditado el pago, haremos el env\u00edo correspondiente de los productos que hayas comprado.<\/li>\n<\/ol>\n<a data-animate=\"bounceIn\" href=\"https:\/\/tree-oss.com\/tienda\/\" target=\"_self\" class=\"button primary\"  style=\"border-radius:99px;\">\n    <span>ir a la tienda<\/span>\n  <i class=\"icon-angle-right\" ><\/i><\/a>\n\n","protected":false},"excerpt":{"rendered":"<p>Paso a paso sobre c\u00f3mo comprar en la tienda online En el men\u00fa, clicke\u00e1 en Tienda. Dentro de cada producto ten\u00e9s dos opciones: Agregar al carrito (para comprar online) A\u00f1adir a la cotizaci\u00f3n (para solicitar presupuesto) A\u00f1adir a la cotizaci\u00f3n Para que te coticemos el pedido no hace falta registraci\u00f3n, los productos no tendr\u00e1n precio [&#8230;]\n","protected":false},"author":1,"featured_media":0,"parent":0,"menu_order":0,"comment_status":"closed","ping_status":"closed","template":"","meta":{"footnotes":""},"class_list":["post-1274","page","type-page","status-publish","hentry"],"_links":{"self":[{"href":"https:\/\/tree-oss.com\/tienda\/wp-json\/wp\/v2\/pages\/1274","targetHints":{"allow":["GET"]}}],"collection":[{"href":"https:\/\/tree-oss.com\/tienda\/wp-json\/wp\/v2\/pages"}],"about":[{"href":"https:\/\/tree-oss.com\/tienda\/wp-json\/wp\/v2\/types\/page"}],"author":[{"embeddable":true,"href":"https:\/\/tree-oss.com\/tienda\/wp-json\/wp\/v2\/users\/1"}],"replies":[{"embeddable":true,"href":"https:\/\/tree-oss.com\/tienda\/wp-json\/wp\/v2\/comments?post=1274"}],"version-history":[{"count":0,"href":"https:\/\/tree-oss.com\/tienda\/wp-json\/wp\/v2\/pages\/1274\/revisions"}],"wp:attachment":[{"href":"https:\/\/tree-oss.com\/tienda\/wp-json\/wp\/v2\/media?parent=1274"}],"curies":[{"name":"wp","href":"https:\/\/api.w.org\/{rel}","templated":true}]}}